ine b(-11).
-7
Let z(r) = -2*r**3 - r**2 - 5*r + 13. Calculate z(2).
-17
Let d(m) = -2*m**2 + 88*m + 56. Determine d(44).
56
Let f(g) = 68*g - 186. Give f(8).
358
Let q(c) = -392*c + 12973. Give q(33).
37
Let v(s) = -160*s - 2400. Determine v(-15).
0
Let g(o) = o**3 + 72*o**2 + 395*o - 62. What is g(-66)?
4
Let w(b) = b**3 + 9*b**2 + 39*b + 15. Determine w(-7).
-160
Let z(u) = -96*u + 7471. Calculate z(78).
-17
Let u(t) = -275*t - 1919. What is u(-7)?
6
Let k(y) = -76*y - 599. Give k(-8).
9
Let h(z) = 60*z + 8. What is h(0)?
8
Let x(r) = -100*r - 25. Give x(0).
-25
Let b(l) = l**3 - 29*l**2 - 4*l + 233. What is b(0)?
233
Let u(z) = -12*z + 63. Give u(-24).
351
Let p(o) = 3*o**2 - 8*o + 52. Calculate p(6).
112
Let r(y) = -203*y**2 + 2*y + 2. Determine r(1).
-199
Let d(k) = -129*k - 279. Give d(-4).
237
Let i(f) = -23*f**3 - 136*f**2 + 18*f + 27. Determine i(-6).
-9
Let c(s) = -88*s - 23576. Determine c(-268).
8
Let c(m) = -112*m - 1784. What is c(-16)?
8
Let j(o) = -252*o + 247. Determine j(1).
-5
Let p(h) = -759*h + 81206. What is p(107)?
-7
Let l(m) = -503*m**2 + 6534*m + 45. What is l(13)?
-20
Let m(b) = -b**3 + 9*b**2 + 500*b - 3088. What is m(6)?
20
Let n(w) = -8*w**2 + 14*w - 10. What is n(-3)?
-124
Let j(p) = -221*p + 17713. Give j(80).
33
Let p(x) = 2*x**2 + 75*x + 51. What is p(-39)?
168
Let f(l) = 32*l + 608. What is f(-28)?
-288
Let v(z) = 19*z**2 - 214*z - 423. Determine v(-2).
81
Let i(t) = -66*t - 2348. Give i(-46).
688
Let i(u) = -6*u**3 - 7*u**2 + 2*u. What is i(1)?
-11
Let c(p) = 16*p**2 + 126*p - 155. Give c(-9).
7
Let m(c) = 49*c**3 + 2*c**2 + 7*c + 6. Determine m(-1).
-48
Let m(y) = -26*y**2 - 87*y - 27. Calculate m(-3).
0
Let k(b) = -b**3 + b**2 + 22*b - 14. Determine k(5).
-4
Let g(b) = -b**3 - 63*b**2 + 267*b - 63. Give g(-67).
4
Let h(p) = -36*p + 6882. Give h(191).
6
Let f(o) = 14*o - 299. Calculate f(15).
-89
Let i(v) = -v**3 + 47*v**2 - 100*v + 465. Calculate i(45).
15
Let m(r) = 179*r - 6974. Calculate m(39).
7
Let j(m) = 304*m + 1223. What is j(-4)?
7
Let y(r) = r**3 - 4*r**2 - 758*r - 6523. Calculate y(-11).
0
Let h(o) = -1211*o + 9695. Calculate h(8).
7
Let l(r) = -2*r**2 + 48*r - 44. What is l(23)?
2
Let r(s) = -26*s + 520. Give r(21).
-26
Let d(p) = -p**3 + 9*p**2 - 459*p + 3635. Calculate d(8).
27
Let t(d) = -3*d - 178. What is t(-58)?
-4
Let g(u) = 2*u**2 + 225*u + 5601. Calculate g(-75).
-24
Let j(l) = -3*l**3 + 10*l**2 - 9*l + 3. What is j(3)?
-15
Let b(l) = -3*l**3 + 245*l**2 + 83*l - 61. Determine b(82).
21
Let l(q) = 259*q + 48. Calculate l(2).
566
Let q(u) = 411*u - 848. Calculate q(2).
-26
Let d(y) = -10706*y - 42820. Give d(-4).
4
Let o(n) = 898*n - 12600. What is o(14)?
-28
Let k(z) = -2*z**3 + 64*z**2 - 52. Determine k(32).
-52
Let d(n) = -n**2 + 326*n - 1503. Give d(5).
102
Let u(a) = -5487*a - 54872. Give u(-10).
-2
Let n(t) = 3*t**2 - 11*t - 1. What is n(-4)?
91
Let k(s) = s**2 + 903*s + 5418. What is k(-6)?
36
Let m(a) = -12*a**2 + 21*a - 19. Calculate m(-6).
-577
Let r(k) = k**3 - 20*k**2 + 26*k + 115. What is r(18)?
-65
Let b(p) = 4*p**3 + 2*p**2 - 6*p + 255. Determine b(0).
255
Let l(g) = -g**3 - 40*g**2 + 80*g - 183. Give l(-42).
-15
Let l(k) = k**2 + 272*k + 1327. Give l(-5).
-8
Let d(q) = -13*q**2 + 2*q - 4. Give d(3).
-115
Let a(g) = g**3 - 25*g**2 - 15*g + 10. Determine a(-1).
-1
Let r(x) = x**3 + 18*x**2 + 23*x - 41. Determine r(-17).
-143
Let a(l) = -1221*l - 2463. What is a(-2)?
-21
Let q(j) = 65*j - 10015. Give q(154).
-5
Let d(j) = -j**3 - 2*j**2 + 14*j + 22. Calculate d(-4).
-2
Let t(w) = w**3 - 31*w**2 + 199*w - 10. Determine t(9).
-1
Let h(y) = 736*y - 7376. Calculate h(10).
-16
Let h(d) = d**3 - 24*d**2 - 23*d - 2. Calculate h(25).
48
Let f(k) = 151*k + 2424. What is f(-17)?
-143
Let h(k) = 168*k - 844. Determine h(5).
-4
Let b(i) = -i**3 + 41*i**2 + 88*i - 69. What is b(43)?
17
Let t(h) = -h**2 + 82*h - 778. Determine t(9).
-121
Let s(n) = -n**3 - 7*n**2 + 2*n - 44. Calculate s(-8).
4
Let k(i) = -3*i + 118. What is k(36)?
10
Let h(a) = a - 72. What is h(80)?
8
Let n(t) = 2*t**2 - 26*t - 386. Calculate n(27).
370
Let c(w) = 27*w + 1227. Give c(-23).
606
Let u(x) = -x**3 - 14*x**2 + 17*x - 22. Give u(-16).
218
Let b(d) = d**2 - 28*d - 918. Determine b(47).
-25
Let k(c) = -90*c - 581. Calculate k(-6).
-41
Let q(n) = -n**3 - 5*n**2 + 20*n + 18. Determine q(3).
6
Let o(z) = z**3 + 19*z**2 + 71*z - 14. Give o(-6).
28
Let u(p) = p**3 + 9*p**2 - 82*p - 696. What is u(-10)?
24
Let x(g) = 6*g**2 - 8*g - 52. Calculate x(-4).
76
Let c(f) = 21*f**2 - 273*f + 9. Give c(13).
9
Let l(k) = k**2 - 14*k - 301. Calculate l(26).
11
Let s(f) = f**2 - 77*f + 877. Determine s(14).
-5
Let q(b) = -b**2 - 63*b - 591. Calculate q(-51).
21
Let o(t) = 64*t - 65. What is o(1)?
-1
Let y(k) = -k**3 + k**2 - 2. What is y(1)?
-2
Let x(z) = -125*z - 2146. Give x(-17).
-21
Let v(d) = 5030*d**2 + 5038*d + 1. Give v(-1).
-7
Let g(d) = d**2 - 354*d - 2161. Determine g(-6).
-1
Let z(t) = -2*t**3 - 38*t**2 + 62*t + 430. Determine z(-20).
-10
Let t(f) = f**2 - 151*f + 5040. Give t(50).
-10
Let l(g) = g**3 - 24*g**2 - 177*g + 3250. Give l(26).
0
Let r(j) = -j**3 - 27*j**2 - 158*j - 677. What is r(-21)?
-5
Let y(r) = -5*r**2 - 2*r + 41. What is y(0)?
41
Let a(x) = -x**2 + 19*x - 59. Give a(19).
-59
Let b(r) = -45*r + 86. Determine b(3).
-49
Let r(s) = 5416*s + 21679. Give r(-4).
15
Let t(w) = 10*w - 352. What is t(37)?
18
Let s(g) = g**2 + 46*g - 4537. What is s(48)?
-25
Let r(f) = -f**3 - 16*f**2 - 35*f + 7. What is r(-13)?
-45
Let p(y) = -153*y + 12856. Give p(84).
4
Let v(f) = -230*f + 15889. What is v(69)?
19
Let j(k) = k**3 + 32*k**2 + 6. What is j(-32)?
6
Let a(n) = -n**2 - 16*n + 1016. Calculate a(30).
-364
Let i(c) = -c**3 - 9*c**2 + 89*c + 5. Determine i(-15).
20
Let q(m) = 45*m - 1260. Determine q(28).
0
Let p(s) = 33*s + 186. Give p(-5).
21
Let i(y) = y**3 + 81*y**2 - 520*y + 163. What is i(-87)?
-11
Let u(s) = -s**3 + 50*s**2 + 45*s + 272. Calculate u(51).
-34
Let w(c) = -c**2 + 5*c + 10. Calculate w(7).
-4
Let t(c) = -88*c - 29. Determine t(-3).
235
Let y(n) = 72*n**2 + 642*n - 68. Give y(-9).
-14
Let y(q) = -3*q**3 - 19*q**2 + 5. What is y(-6)?
-31
Let m(g) = 4*g - 21. What is m(17)?
47
Let t(x) = -107*x - 1559. Determine t(-16).
153
Let w(s) = -2*s**3 + s**2 + 161*s - 31. Give w(0).
-31
Let w(d) = -d**2 + 88*d - 1164. What is w(76)?
-252
Let p(u) = -u**3 + 14*u**2 - 32*u - 8. What is p(13)?
-255
Let r(w) = -3*w**2 + 32*w - 27. Give r(11).
-38
Let g(k) = -k**2 + 2320*k - 9269. Determine g(4).
-5
Let p(s) = s**2 + 61*s + 692. Determine p(-51).
182
Let v(r) = 21*r + 142. Give v(-4).
58
Let h(k) = -k**2 + 51*k - 58. What is h(42)?
320
Let x(l) = 1421*l - 32677. What is x(23)?
6
Let m(o) = -32*o + 2256. Determine m(71).
-16
Let t(x) = x**3 + 32*x**2 + 217*x - 281. Calculate t(-21).
13
Let u(g) = -g**3 + 13*g**2 - 26*g + 156. Give u(13).
-182
Let n(s) = -2*s**3 + 3*s**2 + 2*s - 7. Determine n(2).
-7
Let u(m) = 2*m + 85. Calculate u(21).
127
Let i(u) = -3*u**2 - 275*u - 1543. What is i(-6)?
-1
Let z(j) = -222*j + 19313. Give z(87).
-1
Let r(p) = 8719*p + 8724. Determine r(-1).
5
Let d(h) = h**3 - 30*h**2 + 230*h - 94. What is d(14)?
-10
Let b(w) = -w**3 - 20*w**2 - 30*w + 3. Give b(-15).
-672
Let s(i) = -i**3 + 22*i**2 + 270*i - 4324. Determine s(26).
-8
Let s(v) = -95*v + 11578. Give s(121).
83
Let x(c) = c**3 - 24*c**2 - 141*c + 27. Calculate x(29).
143
Let o(i) = i**2 + 149*i + 588. Calculate o(-4).
8
Let o(d) = -2*d**2 - 61*d - 444. Determine o(-19).
-7
Let s(p) = -37*p + 1325. Calculate s(34).
67
Let k(p) = 3*p - 191. Give k(49).
-44
Let g(f) = -2*f**2 - 88*f + 90. What is g(-45)?
0
Let p(q) = 2*q**3 - 3*q**2 - 378*q + 757. Determine p(2).
5
Let y(k) = 2*k**2 - 165*k - 637. Give y(-4).
55
Let w(j) = j**2 - 632*j - 3822. Determine w(-6).
6
Let k(l) = l**3 - 68*l**2 - 2*l + 159. What is k(68)?
23
Let x(i) = -1078*i + 1084. Give x(1).
6
Let k(x) = -1035*x - 16530. What is k(-16)?
30
Let t(l) = 4*l**2 - 63*l + 752. What is t(9)?
509
Let v(m) = -m**3 - 19*m**2 - 58*m - 59. What is v(-16)?
101
Let o(h) = -17*h**2 - 5*h - 21. Calculate o(-4).
-273
Let z(r) = -15*r**3 + 807*r**2 - 635*r - 77. Calculate z(53).
-24
Let r(h) = 38*h**3 + 379*h**2 - 15*h + 35. Give r(-10).
85
Let t(w) = 4*w**3 + 4*w**2 - 57*w - 123. C